mainder when 4590 is divided by 1501.
87
What is the remainder when 4940 is divided by 11?
1
Calculate the remainder when 13544 is divided by 6759.
26
What is the remainder when 11544 is divided by 1643?
43
What is the remainder when 1388083 is divided by 39?
34
What is the remainder when 30079 is divided by 947?
722
What is the remainder when 2668 is divided by 81?
76
Calculate the remainder when 86255 is divided by 16.
15
Calculate the remainder when 21735 is divided by 131.
120
What is the remainder when 8398 is divided by 843?
811
What is the remainder when 16713 is divided by 2727?
351
What is the remainder when 2188 is divided by 1058?
72
What is the remainder when 13858 is divided by 3443?
86
What is the remainder when 185452 is divided by 6?
4
Calculate the remainder when 1134 is divided by 1107.
27
Calculate the remainder when 5542 is divided by 471.
361
Calculate the remainder when 744932 is divided by 21.
20
Calculate the remainder when 8529 is divided by 150.
129
What is the remainder when 40373 is divided by 8068?
33
Calculate the remainder when 323 is divided by 192.
131
What is the remainder when 36852 is divided by 102?
30
What is the remainder when 65217 is divided by 21707?
96
What is the remainder when 12592 is divided by 70?
62
Calculate the remainder when 355474 is divided by 379.
351
Calculate the remainder when 9190 is divided by 701.
77
Calculate the remainder when 66613 is divided by 69.
28
What is the remainder when 90683 is divided by 22?
21
Calculate the remainder when 4111 is divided by 1043.
982
What is the remainder when 628 is divided by 289?
50
Calculate the remainder when 1914 is divided by 198.
132
What is the remainder when 2605481 is divided by 68?
61
Calculate the remainder when 70814 is divided by 957.
953
Calculate the remainder when 733646 is divided by 311.
308
Calculate the remainder when 2096 is divided by 74.
24
Calculate the remainder when 194355 is divided by 110.
95
Calculate the remainder when 12319 is divided by 352.
351
What is the remainder when 13171 is divided by 44?
15
What is the remainder when 4929 is divided by 12?
9
Calculate the remainder when 4096 is divided by 510.
16
What is the remainder when 5686 is divided by 2838?
10
Calculate the remainder when 126901 is divided by 76.
57
What is the remainder when 135972 is divided by 15?
12
Calculate the remainder when 1903 is divided by 931.
41
What is the remainder when 240169 is divided by 74?
39
Calculate the remainder when 200824 is divided by 23.
11
Calculate the remainder when 420629 is divided by 38.
7
What is the remainder when 13936 is divided by 87?
16
Calculate the remainder when 19290 is divided by 804.
798
Calculate the remainder when 27416 is divided by 16.
8
What is the remainder when 849282 is divided by 135?
132
What is the remainder when 10845 is divided by 5377?
91
What is the remainder when 1019 is divided by 202?
9
What is the remainder when 21985 is divided by 231?
40
What is the remainder when 43675 is divided by 61?
60
Calculate the remainder when 239537 is divided by 290.
287
What is the remainder when 30133402 is divided by 966?
964
What is the remainder when 67484 is divided by 37?
33
Calculate the remainder when 200945 is divided by 270.
65
Calculate the remainder when 10490 is divided by 71.
53
What is the remainder when 687935 is divided by 229311?
2
Calculate the remainder when 9853 is divided by 156.
25
Calculate the remainder when 463 is divided by 148.
19
What is the remainder when 48297 is divided by 30?
27
What is the remainder when 7189 is divided by 1796?
5
What is the remainder when 487 is divided by 59?
15
What is the remainder when 10137 is divided by 74?
73
Calculate the remainder when 624011 is divided by 42.
17
Calculate the remainder when 13306 is divided by 52.
46
Calculate the remainder when 2926428 is divided by 31.
28
Calculate the remainder when 19883 is divided by 113.
108
Calculate the remainder when 5533 is divided by 22.
11
Calculate the remainder when 116602 is divided by 338.
330
What is the remainder when 111063 is divided by 303?
165
What is the remainder when 22725 is divided by 37?
7
Calculate the remainder when 43764 is divided by 9.
6
Calculate the remainder when 204684 is divided by 399.
396
What is the remainder when 47157 is divided by 18?
15
Calculate the remainder when 154571 is divided by 15455.
21
What is the remainder when 757 is divided by 587?
170
Calculate the remainder when 18273 is divided by 18188.
85
Calculate the remainder when 896824 is divided by 341.
335
Calculate the remainder when 2627 is divided by 528.
515
Calculate the remainder when 6867 is divided by 6864.
3
What is the remainder when 27028 is divided by 30?
28
What is the remainder when 954 is divided by 3?
0
Calculate the remainder when 24655 is divided by 24638.
17
Calculate the remainder when 7360 is divided by 71.
47
Calculate the remainder when 451149 is divided by 175.
174
Calculate the remainder when 510883 is divided by 4.
3
Calculate the remainder when 212848 is divided by 165.
163
Calculate the remainder when 826 is divided by 360.
106
Calculate the remainder when 38443 is divided by 55.
53
Calculate the remainder when 5975 is divided by 299.
294
Calculate the remainder when 9503 is divided by 24.
23
Calculate the remainder when 5053 is divided by 998.
63
Calculate the remainder when 3490 is divided by 433.
26
Calculate the remainder when 11552 is divided by 109.
107
What is the remainder when 5171 is divided by 1019?
76
Calculate the remainder when 439652 is divided by 27478.
4
Calculate the remainder when 1784 is divided by 68.
16
What is the remainder when 6241 is divided by 6187?
54
Calculate the remainder when 569 is divided by 7.
2
What is the remainder when 2208 is divided by 272?
32
What is the remainder when 13089 is divided by 35?
34
Calculate the remainder when 61612 is divided by 350.
12
Calculate the remainder when 33782 is divided by 207.
41
What is the remainder when 69120 is divided by 323?
321
What is the remainder when 6896778 is divided by 17?
14
Calculate the remainder when 44458 is divided by 195.
193
What is the remainder when 1827 is divided by 606?
9
What is the remainder when 5863171 is divided by 749?
748
Calculate the remainder when 131750 is divided by 65811.
128
Calculate the remainder when 3978 is divided by 1268.
174
What is the remainder when 102653 is divided by 64?
61
Calculate the remainder when 113441 is divided by 79.
76
Calculate the remainder when 6868 is divided by 53.
31
Calculate the remainder when 1228 is divided by 117.
58
Calculate the remainder when 1932913 is divided by 13.
8
What is the remainder when 1454 is divided by 113?
98
Calculate the remainder when 32902 is divided by 178.
150
Calculate the remainder when 19834 is divided by 1398.
262
Calculate the remainder when 150865 is divided by 75423.
19
Calculate the remainder when 31207 is divided by 213.
109
Calculate the remainder when 396328 is divided by 16.
8
What is the remainder when 1896 is divided by 627?
15
Calculate the remainder when 51449 is divided by 70.
69
Calculate the remainder when 25323 is divided by 518.
459
Calculate the remainder when 24130 is divided by 11892.
346
Calculate the remainder when 106380 is divided by 53185.
10
Calculate the remainder when 7192 is divided by 276.
16
What is the remainder when 12510 is divided by 124?
110
What is the remainder when 883371 is divided by 403?
398
Calculate the remainder when 16163 is divided by 914.
625
What is the remainder when 8795 is divided by 92?
55
Calculate the remainder when 742 is divided by 170.
62
Calculate the remainder when 3233 is divided by 759.
197
What is the remainder when 4110 is divided by 1156?
642
What is the remainder when 15260 is divided by 66?
14
Calculate the remainder when 48053 is divided by 15.
8
What is the remainder when 121315 is divided by 72?
67
Calculate the remainder when 2332294 is divided by 37.
36
Calculate the remainder when 2185 is divided by 626.
307
What is the remainder when 4492 is divided by 18?
10
Calculate the remainder when 163090 is divided by 81528.
34
What is the remainder when 56240 is divided by 35?
30
Calculate the remainder when 199265 is divided by 62.
59
What is the r